8*k + 10. Let d be v(-9). Let w be (2 + 1)/(2 - d). Suppose i = -0*i + w, -m - 2*i + 32 = 0. What is the tens digit of m?
2
Let x(b) = 0*b**3 - 4*b**2 + 0*b**3 - 5*b**2 - 8*b + b**3 - 2. Let h be x(10). What is the tens digit of 59/6 + 3/h?
1
What is the hundreds digit of 84/(((-84)/128)/(-7))?
8
Let r(c) = -c**2 + 31*c + 60. What is the units digit of r(24)?
8
Suppose 11*v = -268 + 917. What is the units digit of v?
9
Suppose 3*j = 1928 + 1624. What is the tens digit of ((-6)/4)/(4/j*-6)?
7
Let t = -60 + 62. What is the tens digit of (t + -197)*3*(-1)/9?
6
Let w = -157 - -268. What is the units digit of w?
1
Suppose 0*x - 245 = 5*x - 4*h, x - 5*h + 28 = 0. Let r = x - -97. What is the units digit of r?
4
Suppose -3*j - 2*v = -8031 + 439, 2*j - 5088 = 4*v. What is the thousands digit of j?
2
Let i = 11 + -11. Suppose i = x - 47 - 1. Let g = x - 33. What is the units digit of g?
5
Let j(q) = 3*q**3 - 19. Let v(a) = -a**3. Let s(r) = -j(r) - 4*v(r). What is the tens digit of s(5)?
4
Let u be (-5612)/(-7) + (-8)/(-28). Suppose 9*k = 5*k - 5*t + 629, -5*k - t + u = 0. What is the hundreds digit of k?
1
Suppose -3*p + 3080 = -1336. What is the tens digit of p?
7
Suppose 2*g = -4*m + 596, -9*g + 4*g + 1505 = -5*m. Suppose 2*r = 4*r + f - g, 3*r = 5*f + 476. What is the units digit of r?
2
Let d = -2 - -4. Suppose -117 = -d*k + 19. What is the tens digit of k?
6
Let f = 148 - -285. What is the tens digit of f?
3
Let v be 34/85*(1 - -9). Suppose -5*x + v*i = -193, -2*i + 96 + 85 = 5*x. What is the units digit of x?
7
Let o = 303 - 215. Suppose 2*l = -o + 526. What is the tens digit of l?
1
Suppose -3*c = -6*c + c. Suppose -5*b + 136 + 179 = c. What is the tens digit of b?
6
Let p(x) = -36*x + 113. What is the tens digit of p(-11)?
0
Let l = 44 - 24. What is the units digit of l/25*5/2?
2
Let m = 4 + -43. What is the units digit of (13/m)/((-1)/6)?
2
Suppose -49*o + 20565 = -44*o. What is the units digit of o?
3
Suppose -3*d = 12, 3*d - 11 = -a - 32. What is the units digit of 216/a*(-8)/3?
4
What is the hundreds digit of -2 - (-7)/((-28)/(-3496)) - 2?
8
What is the units digit of (21/175*565)/((-2)/(-20))?
8
Let v be 4/(-14) - 2/(-7). What is the units digit of 53 + (v + 4)/4?
4
Suppose -10241 - 1654 = -4*j + k, 3*k = -4*j + 11899. What is the tens digit of j?
7
Suppose -40 = -4*s - 3*m, 3*s = -3*m + 11 + 22. Suppose -s*q + 37 + 138 = 0. What is the units digit of q?
5
Let r be ((-18)/27)/((-2)/354). Let k = -15 + r. What is the units digit of k?
3
Let a = 7 + 17. Let x = a + -44. Let v = x - -37. What is the units digit of v?
7
Suppose -3*j = -0*j - 30. Let d(b) = -3*b**2 + 11*b + 3. Let w(x) = -7*x**2 + 22*x + 6. Let v(m) = 5*d(m) - 2*w(m). What is the tens digit of v(j)?
1
Suppose 0 = 4*o - 516 - 3532. What is the hundreds digit of o?
0
What is the tens digit of (110/(-275))/((-3)/15255)?
3
Suppose z - 20 = 6*z, -2*j + z + 38 = 0. Let c = -3 + j. What is the tens digit of c?
1
Suppose 130*v - 122*v - 30304 = 0. What is the hundreds digit of v?
7
Let d(r) = -r**2 - 8*r - 9. Let p be d(-6). Suppose 2*n - 34 = -3*o - 8, 0 = n + p*o - 13. Let w = -3 + n. What is the tens digit of w?
1
Suppose 15 + 3 = -3*y + 4*k, -4*y = -2*k + 34. Let v(z) = 3*z - 2*z**2 + 3*z**2 + 2 + 5*z. What is the tens digit of v(y)?
2
Suppose s - 5*s = -64. Suppose -3*c - 5*c = s. What is the units digit of 318/66 - c/11?
5
Let a be -3 + 0 - (-2 - 19). Let x = -9 + 1. Let s = a + x. What is the units digit of s?
0
What is the tens digit of -6 + 6 - (-3 + (-1358 - 3))?
6
Suppose -5*r = -2*c + 1506, 0 = -c - r + 238 + 529. What is the units digit of c?
3
Suppose 3*f + 65 = 62, 5*o - 3650 = -5*f. What is the hundreds digit of o?
7
Suppose -11*j + 4182 = 6*j. What is the tens digit of j?
4
Suppose -35*t + 41*t - 7950 = 0. What is the units digit of t?
5
Let i be 22661/68 - (-6)/8. Suppose -q = 5*s - i, 0 = -s - 5*q + 108 - 22. What is the units digit of s?
6
Let g(z) = 2*z**3 + 30 + 6*z**2 - 24 - 7*z - 3*z**3. Let f be g(5). What is the tens digit of ((-2)/4)/(f/400)?
5
Let u(k) = k - 8. Let q be u(12). Suppose 3*x - 5*x - q*c + 474 = 0, -2*x + c = -454. What is the units digit of x?
9
Let l(j) = 2*j**2 - 2*j - 4 + 2 + 3*j - 3. Let c be l(-5). Suppose -z + 5*d = 4*z - c, -4*d - 12 = z. What is the units digit of z?
4
Let a(h) = h**3 + 4*h**2 - 4*h + 9. Let m be a(-5). Let r be 2/(-10) - m/(-20). Let u(b) = b + 10. What is the tens digit of u(r)?
1
Let s(h) = 3*h + 18. Let u = -15 + 11. What is the units digit of s(u)?
6
Suppose 4*x = 5*x + 2, o - 3 = 2*x. Let f(s) = 38*s**2 + 2*s + 1. What is the tens digit of f(o)?
3
Suppose 2506 = 6*r - 4*r - 3*j, -5*r = -3*j - 6265. What is the thousands digit of r?
1
Let a = -357 - -1153. What is the units digit of a?
6
Let f = 1662 + -890. What is the units digit of f?
2
Let a = -12 + 14. Let w(j) = 22 + 2*j + j**a - 4 + 4. What is the tens digit of w(0)?
2
Let i = 627 - -1493. What is the thousands digit of i?
2
Let u(l) = l**3 + 9*l**2 - 2*l + 2. Let h be u(-5). Let a(g) = -25*g + 6. Let r be a(-7). Let p = r - h. What is the tens digit of p?
6
Let w = -14 - -23. Let x be w + -8 + -1*1. Suppose x = 5*c - 58 + 3. What is the tens digit of c?
1
Let d(w) = w**2 - 6*w + 4. Let y be d(6). Let z(v) = v**3 + y*v**2 + 13 - 29 - 2*v + 14. What is the units digit of z(-3)?
3
Let f = 4 - -1. Suppose -3*s - 21 = -4*d, 9 = f*d + s + s. Suppose 2*i + 6*y = 4*y + 72, 0 = d*y - 12. What is the tens digit of i?
3
Let g be 0 + 6/33 - 7120/(-44). Suppose -2*s + 4*w = 40 - g, 3*s = -2*w + 175. What is the units digit of s?
9
Suppose 2*x - 4*l - 128 = 0, 2*x - l = l + 132. Suppose 16 - 76 = -u. Suppose -2*q - w + x = 0, -q - 3*w - u = -3*q. What is the units digit of q?
3
Suppose 14 + 26 = -4*p. What is the tens digit of (-1148)/(-20) + 4/p?
5
What is the units digit of 3 + 2 + (778 - 12)?
1
Let d = 14 + -9. Suppose -13 = d*j - 208. What is the tens digit of j?
3
Let y(u) be the second derivative of 7*u**3/3 - 5*u**2/2 + 13*u. Let m(b) = b**2 + 8*b - 6. Let r be m(-9). What is the units digit of y(r)?
7
Suppose -2*i = 2*n - 124, -5*i + 3*n + 244 = -26. Suppose -i = -w - 0*w. What is the units digit of w?
7
Let l be ((-21)/6 - 2)*-12. Let m be 8/28 + 24/14. Suppose -m*c = c - l. What is the units digit of c?
2
Let r(w) = w**3 - 2*w**2 + 3*w - 25. What is the tens digit of r(8)?
8
Suppose -23200 = f - 17*f. What is the tens digit of f?
5
Let y(x) = -7*x + 6. Let d = -4 - -6. Suppose -3*a = d*a + 15. What is the units digit of y(a)?
7
Let f(y) = 7*y + 11. Let q be f(-5). What is the units digit of q/20*(1 - 6)?
6
Suppose 4*l - 2*u + 474 = 2116, 5*u + 2050 = 5*l. Let i = l - 223. Suppose 0*q - o = 3*q - i, -5*q = 3*o - 308. What is the tens digit of q?
6
Suppose -5*n + 15724 = -4*k, 7*k = -4*n + 9*k + 12584. What is the units digit of n?
8
Suppose -29*z - 40 = -33*z. Suppose -x + 162 = -2*r, -168 + z = -x + 3*r. What is the hundreds digit of x?
1
What is the hundreds digit of (-2 - 1)/(-3)*(633 - -1)?
6
Suppose 2*r = -2, -2*r = -3*w + w + 152. Suppose 88 = o - w. What is the hundreds digit of o?
1
Let w be 0*(1 - 5/10). Suppose -3*j + 754 = 5*r - 44, w = r + j - 160. What is the units digit of r?
9
Let v = -385 + 404. Let h be (-4)/(8/(-21))*6. Let z = h - v. What is the units digit of z?
4
Let w(m) = m**2 - 9*m - 7. Let i be w(10). Suppose i*c - 4*l - l = 168, -4*c + 2*l = -210. What is the units digit of c?
1
Suppose 0*q - 218 = -q. Suppose -4*g - q = -642. Suppose 0 = -2*b + x + g, 3*x - 46 = -b - 0*x. What is the tens digit of b?
5
Let d be (0/(-2))/(5/1 - 7). Let b(z) = -z**3 + 2*z**2 + z + 117. What is the hundreds digit of b(d)?
1
Suppose -7*b = 14*b - 2394. What is the tens digit of b?
1
What is the tens digit of (-9 - 102/(-12))/((-1)/1306)?
5
Let m be 1 - (-5)/(-10)*-4. Suppose k = 4*k. Suppose -r + m = -k*r. What is the units digit of r?
3
Suppose 4*s + 3*d - 6 = 0, 0 = -d - 0*d - 2. Suppose 4*n + 16 = 4*c, 4*n - s*c + 6 = -c. What is the units digit of (-168)/(-3) + (-1 - n)?
4
Suppose -20 = -3*k - 5*i + 27, k - 3*i + 3 = 0. Suppose 0 = k*j - 6*j - 771. What is the hundreds digit of j?
2
Suppose 19*z - 16*z = 12. Suppose 4*h - 10 = m + 5*h, 5*m = z*h - 86. Let c = 6 - m. What is the tens digit of c?
2
Suppose 4 = -2*r - 2. Let i be r - (2 - (3 + 5)). 